{"id":23,"date":"2018-08-30T17:23:55","date_gmt":"2018-08-30T14:23:55","guid":{"rendered":"http:\/\/oulunensiapuryhma.net\/?page_id=23"},"modified":"2021-11-23T12:05:54","modified_gmt":"2021-11-23T10:05:54","slug":"tule-mukaan","status":"publish","type":"page","link":"https:\/\/oulunensiapuryhma.net\/index.php\/tule-mukaan\/","title":{"rendered":"Tule mukaan"},"content":{"rendered":"<p><iframe loading=\"lazy\" src=\"https:\/\/docs.google.com\/presentation\/d\/e\/2PACX-1vSLReyfYmjaVmOmBHnqsJ9yJOdpg_MLhv1OW2f9Z4sGjPS2hco8gkCw5xjdjzoyBg\/embed?start=true&amp;loop=true&amp;delayms=5000\" width=\"1180\" height=\"449\" frameborder=\"0\" allowfullscreen=\"allowfullscreen\"><\/iframe><\/p>\n<p>Mukaan voi tulla koska vain ja kuka vain \u2013 aiempaa ensiapukokemusta tai -koulutusta ei tarvitse, riitt\u00e4\u00e4 ett\u00e4 olet kiinnostunut asiasta.<\/p>\n<p>Koulujen lukuvuoden aikana kokoonnumme joka torstai harjoitusten, luentojen ja vierailujen merkeiss\u00e4. Yleens\u00e4 kokoonnumme Oulun osaston Taito-tilassa Kainuuntie 1:ss\u00e4, mutta toisinaan olemme my\u00f6s muualla. <a href=\"http:\/\/www.facebook.com\/oulunensiapuryhma\">Facebook<\/a>-sivultamme l\u00f6ytyy aina alkuviikosta tarkempaa tietoa torstain ohjelmasta ja kokoontumispaikasta.<\/p>\n<p>Jos kuitenkin haluat viel\u00e4 jotain lis\u00e4tietoa ryhm\u00e4st\u00e4 ja ryhm\u00e4n toiminnasta voit sit\u00e4 pyyt\u00e4\u00e4 oheisen yhteydenoottolomakkeen kautta. Pyrimme vastaamaan sinulle mahdollisimman pian. Huom! \u00e4l\u00e4 k\u00e4yt\u00e4 t\u00e4t\u00e4 lomaketta ensiapup\u00e4ivystysasioista tiedustelemiseen.<\/p>\n\n<div class=\"wpcf7 no-js\" id=\"wpcf7-f130-o1\" lang=\"fi\" dir=\"ltr\" data-wpcf7-id=\"130\">\n<div class=\"screen-reader-response\"><p role=\"status\" aria-live=\"polite\" aria-atomic=\"true\"><\/p> <ul><\/ul><\/div>\n<form action=\"\/index.php\/wp-json\/wp\/v2\/pages\/23#wpcf7-f130-o1\" method=\"post\" class=\"wpcf7-form init\" aria-label=\"Yhteydenottolomake\" novalidate=\"novalidate\" data-status=\"init\">\n<fieldset class=\"hidden-fields-container\"><input type=\"hidden\" name=\"_wpcf7\" value=\"130\" \/><input type=\"hidden\" name=\"_wpcf7_version\" value=\"6.1.5\" \/><input type=\"hidden\" name=\"_wpcf7_locale\" value=\"fi\" \/><input type=\"hidden\" name=\"_wpcf7_unit_tag\" value=\"wpcf7-f130-o1\" \/><input type=\"hidden\" name=\"_wpcf7_container_post\" value=\"0\" \/><input type=\"hidden\" name=\"_wpcf7_posted_data_hash\" value=\"\" \/>\n<\/fieldset>\n<p><label> Nimi (pakollinen)<br \/>\n<span class=\"wpcf7-form-control-wrap\" data-name=\"your-name\"><input size=\"40\" maxlength=\"400\" class=\"wpcf7-form-control wpcf7-text wpcf7-validates-as-required\" aria-required=\"true\" aria-invalid=\"false\" value=\"\" type=\"text\" name=\"your-name\" \/><\/span> <\/label>\n<\/p>\n<p><label> S\u00e4hk\u00f6posti (pakollinen)<br \/>\n<span class=\"wpcf7-form-control-wrap\" data-name=\"your-email\"><input size=\"40\" maxlength=\"400\" class=\"wpcf7-form-control wpcf7-email wpcf7-validates-as-required wpcf7-text wpcf7-validates-as-email\" aria-required=\"true\" aria-invalid=\"false\" value=\"\" type=\"email\" name=\"your-email\" \/><\/span> <\/label>\n<\/p>\n<p><label> Aihe<br \/>\n<span class=\"wpcf7-form-control-wrap\" data-name=\"your-subject\"><input size=\"40\" maxlength=\"400\" class=\"wpcf7-form-control wpcf7-text\" aria-invalid=\"false\" value=\"\" type=\"text\" name=\"your-subject\" \/><\/span> <\/label>\n<\/p>\n<p><label> Viesti<br \/>\n<span class=\"wpcf7-form-control-wrap\" data-name=\"your-message\"><textarea cols=\"40\" rows=\"10\" maxlength=\"2000\" class=\"wpcf7-form-control wpcf7-textarea\" aria-invalid=\"false\" name=\"your-message\"><\/textarea><\/span> <\/label>\n<\/p>\n<p><input class=\"wpcf7-form-control wpcf7-submit has-spinner\" type=\"submit\" value=\"L\u00e4het\u00e4\" \/>\n<\/p><div class=\"wpcf7-response-output\" aria-hidden=\"true\"><\/div>\n<\/form>\n<\/div>\n\n","protected":false},"excerpt":{"rendered":"<p>Mukaan voi tulla koska vain ja kuka vain \u2013 aiempaa ensiapukokemusta tai -koulutusta ei tarvitse, riitt\u00e4\u00e4 ett\u00e4 olet kiinnostunut asiasta. Koulujen lukuvuoden aikana kokoonnumme joka torstai harjoitusten, luentojen ja vierailujen merkeiss\u00e4. Yleens\u00e4 kokoonnumme Oulun osaston Taito-tilassa Kainuuntie 1:ss\u00e4, mutta toisinaan olemme my\u00f6s muualla. Facebook-sivultamme l\u00f6ytyy aina alkuviikosta tarkempaa tietoa torstain ohjelmasta ja kokoontumispaikasta. Jos kuitenkin &hellip; <\/p>\n<p class=\"link-more\"><a href=\"https:\/\/oulunensiapuryhma.net\/index.php\/tule-mukaan\/\" class=\"more-link\">Jatka lukemista<span class=\"screen-reader-text\"> &#8221;Tule mukaan&#8221;<\/span><\/a><\/p>\n","protected":false},"author":1,"featured_media":0,"parent":0,"menu_order":0,"comment_status":"closed","ping_status":"closed","template":"","meta":{"footnotes":""},"class_list":["post-23","page","type-page","status-publish","hentry"],"_links":{"self":[{"href":"https:\/\/oulunensiapuryhma.net\/index.php\/wp-json\/wp\/v2\/pages\/23","targetHints":{"allow":["GET"]}}],"collection":[{"href":"https:\/\/oulunensiapuryhma.net\/index.php\/wp-json\/wp\/v2\/pages"}],"about":[{"href":"https:\/\/oulunensiapuryhma.net\/index.php\/wp-json\/wp\/v2\/types\/page"}],"author":[{"embeddable":true,"href":"https:\/\/oulunensiapuryhma.net\/index.php\/wp-json\/wp\/v2\/users\/1"}],"replies":[{"embeddable":true,"href":"https:\/\/oulunensiapuryhma.net\/index.php\/wp-json\/wp\/v2\/comments?post=23"}],"version-history":[{"count":16,"href":"https:\/\/oulunensiapuryhma.net\/index.php\/wp-json\/wp\/v2\/pages\/23\/revisions"}],"predecessor-version":[{"id":359,"href":"https:\/\/oulunensiapuryhma.net\/index.php\/wp-json\/wp\/v2\/pages\/23\/revisions\/359"}],"wp:attachment":[{"href":"https:\/\/oulunensiapuryhma.net\/index.php\/wp-json\/wp\/v2\/media?parent=23"}],"curies":[{"name":"wp","href":"https:\/\/api.w.org\/{rel}","templated":true}]}}